*2 + 17*v - 27. Let y(k) = -11*k**2 + 25*k - 41. Let x(o) = -8*m(o) + 5*y(o). What is the hundreds digit of x(17)?
1
Let n(o) = o**2 - 23*o - 20. Let x be n(24). Suppose -454 = -5*s + x*u, u - 2 + 3 = 0. What is the tens digit of s?
9
Let k(x) = x**2 - 5*x - 8. Let t be k(6). Let y(d) = -d**2 - 5*d + 4. Let p be y(-6). What is the tens digit of t*(p - (-75)/(-6))?
2
Let a = 439 - -65. What is the hundreds digit of a?
5
Let i(f) = -5*f + 0 - 13 + f - 13*f. What is the hundreds digit of i(-7)?
1
What is the hundreds digit of (9/(-6))/(-3 + (-903)/(-302))?
1
Suppose -6*m + 4*m = 0. Suppose -2*c - 6 = m, -75 - 35 = -x - 4*c. Suppose 3 = -3*i, 2*i - 4*i + x = 4*y. What is the tens digit of y?
3
Let h be (54/(-7))/((-2)/168). Suppose -5*n = -n - l - 654, -4*n = -4*l - h. What is the tens digit of n?
6
Suppose -181 + 1255 = l + 2*w, 4*w = l - 1044. What is the thousands digit of l?
1
Suppose 1 - 6 = -2*p - q, -3*p + 15 = 3*q. Suppose -5*a - 400 = -5*y, p = 5*y + 4*a - a - 416. Let w = -53 + y. What is the units digit of w?
9
Suppose -793*l = -798*l + 9270. What is the hundreds digit of l?
8
Let a(z) = 14*z**3 + 2*z**2 - 1. Let f be a(1). Suppose 16*b - 16 = f*b. Suppose 0 = -4*j + 4, -2*j - b = -r - 6*j. What is the units digit of r?
2
Let w(y) = -y**3 + y**2 - 2*y + 150. Let m be w(0). Let j = -90 + m. What is the tens digit of j?
6
Suppose 20*f = 25*f + 70. Suppose 175 = -9*y + 4*y. Let w = f - y. What is the units digit of w?
1
Let z be (-1182)/27 + (-2)/9. Let c = z - -8. Let r = c + 57. What is the tens digit of r?
2
Let k(r) = -r**2 + 4*r + 1. Let t be k(3). Suppose -g - 4*h + 5 = -3*h, 0 = 4*h - t. Suppose 0*v + 36 = g*v. What is the units digit of v?
9
Let b(c) = -c**2 + 1. Let z(v) be the first derivative of 2*v**3/3 + 5*v**2/2 - 2*v + 2. Let l(k) = -6*b(k) - 2*z(k). What is the tens digit of l(7)?
2
Let r(a) = 66*a - 118. What is the units digit of r(5)?
2
Let o(y) = 52*y - 37. Let s(f) = -f**2 + 3*f + 15. Let r be s(5). What is the hundreds digit of o(r)?
2
Suppose -3*r + 3*u + 393 = -0*u, -5*r - 4*u = -682. Suppose -3*t + t = -r. What is the units digit of t?
7
What is the units digit of (-6)/9*(-34515)/130?
7
Let j be -2 - (1 - 4) - -3. What is the tens digit of (-24)/(-18)*138/j?
4
Let u be (1 + 0)/(1/27). Suppose u - 7 = 5*r. Suppose 26 = l + w, -w + 78 = r*l - l. What is the units digit of l?
6
Suppose y - 243 = 5*u, u = 2*y + y - 771. Suppose -x - y = -4*x. What is the tens digit of x?
8
Let t(b) be the second derivative of b**6/360 - b**3/2 - 2*b. Let p(z) be the second derivative of t(z). What is the units digit of p(-3)?
9
Let u = -1945 + 3361. What is the tens digit of u?
1
Let a(j) = 10*j - 11*j + 0 + 3. Let q be a(-3). Suppose -q*t + 145 = -t. What is the units digit of t?
9
Let h(j) = 8*j - 12. Let w be h(6). Suppose g = 4*g - w. Suppose 0*i = -4*i + g. What is the units digit of i?
3
Suppose 15 - 159 = -4*t. Suppose -5*h + 2*h = t. What is the units digit of (h - (-1 + -2))*-1?
9
Let r = 254 + -252. What is the units digit of r?
2
Let l(o) = 3*o + 13. Suppose -2*d - 6 = 0, -5*m + 0*d + 5*d = 70. Let v = m - -24. What is the units digit of l(v)?
4
Let o = 8257 - 5043. What is the hundreds digit of o?
2
Let k be ((-668)/6)/(4/(-6)). Suppose 0 = 3*f - 3*r - k - 430, 2*f + 3*r = 423. What is the hundreds digit of f?
2
Let w(l) = 15*l**2 - 1. Let t(y) = 8*y**2 - 1. Let r(h) = 5*t(h) - 2*w(h). What is the units digit of r(-3)?
7
Let x(m) = 100*m + 75. What is the hundreds digit of x(7)?
7
What is the tens digit of 4/(-2) - (-6212 + 2)/3?
6
Let h(d) = -d + 16 - 10*d + 16 + 0. What is the hundreds digit of h(-8)?
1
Suppose 8*k - 165 = 3*k. Suppose -s + k = -3*o, 0 = -0*s + 5*s - 15. Let b = o + 38. What is the units digit of b?
8
Let p(c) be the second derivative of -7*c**3/2 - 9*c**2/2 + 34*c. What is the units digit of p(-2)?
3
Let x = -58 + 100. Suppose -k = -4*k + x. What is the units digit of k?
4
Let z = -9 + 9. Suppose f = -z*f. Suppose -5*s + d + 48 = f, -4*s = -4*d - 50 + 2. What is the units digit of s?
9
Let q(f) = 16*f + 146. What is the units digit of q(-9)?
2
Suppose -3*c + 2*j + 2*j = -26, 2*j + 20 = 5*c. Suppose -2*f + 290 = -5*k + 1060, -2*k + c*f = -302. What is the units digit of k?
6
Let h be ((-3 + 3)/(-4))/1. Suppose h = -3*a + 12 + 3. Suppose 2*p - 1 - a = 0. What is the units digit of p?
3
Let l = 1603 + -1113. What is the tens digit of l?
9
Let l(m) = 131*m**2 - 14*m - 2. What is the hundreds digit of l(2)?
4
Suppose -2*h = 6 + 4. Let y = 9 + h. Suppose 3*o - 49 = -4*x, -2*x = -y*o - 0*x + 80. What is the tens digit of o?
1
Let k(z) = z + 8. Let p be k(-3). Suppose 4*f + 11 = -c, p*c = c - 4*f - 8. What is the units digit of c?
1
Let r(j) = j**3 + j**2 - 2*j. Let t be r(-2). Let z = 41 + -39. Suppose t = 7*d - z*d - 115. What is the units digit of d?
3
Let x(w) = 23*w - 75. What is the units digit of x(18)?
9
Suppose -10*a - a = 1177. Let p = 170 + a. What is the tens digit of p?
6
Let r be (-126)/28*4/(-3). Let k be 8/14*1113/r. Suppose -2*w - 4*l + 14 + k = 0, -w - 3*l + 60 = 0. What is the tens digit of w?
6
Suppose 5*x = 4*m + 5986, 8*m - 6*m = -4*x + 4794. What is the thousands digit of x?
1
Let t = -5203 - -8261. What is the hundreds digit of t?
0
Let l(x) = 6*x**2 + 14*x + 10. Let a(z) = 3 + 3*z**2 - 1 + 8 + 13*z + 2*z**2. Let d(m) = 7*a(m) - 6*l(m). What is the tens digit of d(7)?
1
Let k(v) = -v**3 - 10*v**2 - 8*v - 8. Let s be k(-12). Suppose s = 4*i - 0*i. What is the units digit of i?
4
Let u(k) be the third derivative of k**6/180 + k**5/20 + k**4/4 + 4*k**3/3 - 12*k**2. Let j(i) be the first derivative of u(i). What is the tens digit of j(-6)?
4
Let x(q) = q**3 - 42*q**2 - 30*q + 23. What is the units digit of x(43)?
2
Suppose 3*m + 3*u = 245 + 295, -5*u = 0. Suppose 3*c + m = 6*c + b, 0 = -3*c + b + 174. What is the tens digit of c?
5
Suppose c + 4*c - 110 = 0. Let m = c - 18. Suppose -123 = -3*q + x, m*q + q - 2*x - 205 = 0. What is the tens digit of q?
4
Suppose 0 = 4*z - 2*z - 3*k + 4127, -4*z = 5*k + 8199. What is the hundreds digit of 16/(-72) + z/(-18)?
1
Let k be 22 + -6 + (-2)/(-1). Suppose 21*j - 108 = k*j. Let w = -11 + j. What is the tens digit of w?
2
Let j(k) = 111*k - 92. What is the units digit of j(7)?
5
Let v(l) = 77*l**3 - 2*l**2 + l. Let c be v(1). Let y be -2 + (2 - 6/(-2)). Suppose -f - c = -y*f. What is the tens digit of f?
3
Suppose -3*j + 4*d + 1774 + 616 = 0, 0 = -3*j + d + 2393. What is the hundreds digit of j?
7
Let y(h) = -258*h + 20. What is the units digit of y(-7)?
6
Suppose 8 = 8*j - 16. Let l(z) = 25*z - 8. What is the units digit of l(j)?
7
Let a(j) = j**3 + 9*j**2 - 13*j - 12. Let u be a(-10). What is the tens digit of u/(-12)*820/(-6)?
0
Let r = 1225 - -535. What is the units digit of r?
0
Let d = -1355 + 3008. What is the hundreds digit of d?
6
Let w(q) = 28*q**3 + 28*q**3 - 2 - 55*q**3 - 3*q**2 + q. What is the tens digit of w(6)?
1
Let z(l) = -209*l**3 + 5*l**2 + 10*l - 2. What is the tens digit of z(-2)?
7
Suppose 4*m + k = 23, 2*m = 6*m - 5*k - 53. Suppose m*h = 9*h - 18. What is the units digit of h?
9
Let q be (-17)/(4 - (-63)/(-15)). Suppose -i + q = 4*k, 6*i = 2*i - 2*k + 368. What is the units digit of i?
3
Suppose -3*f - 2036 = 3*c - 7193, -4*f + 6*c + 6926 = 0. What is the hundreds digit of f?
7
Suppose -312 = -h + 5*y, -5*h + 4*y - 5*y + 1430 = 0. What is the hundreds digit of h?
2
Let i be 1*(6/(-2) - -4). What is the hundreds digit of (0 + 17)/(i/7)?
1
Suppose -7*n + 34 = -1. Suppose 3*a = 15, n*a - 2*a + 535 = 2*l. What is the hundreds digit of l?
2
What is the thousands digit of (-38568)/24*(-2 - -1)*1?
1
Let h = 47 + -34. Let a = h - 11. What is the tens digit of 14 + -4 + a/1?
1
Suppose -v + 4*c = -11, 0 = 3*c + 3 + 3. Suppose 69 = -v*i + 252. What is the tens digit of i?
6
What is the tens digit of (-1327)/(-5) + 7/(-5)?
6
Suppose 4*x = -0*x + 64. Let a = 1 - x. What is the units digit of ((-84)/a)/((-2)/(-5))?
4
Suppose -2270 = -2*l + o + 502, o + 5544 = 4*l. What is the thousands digit of l?
1
Suppose 12 = -3*i, 5*r + 3*i - 951 = 2*r. What is the tens digit of r?
2
Let d(o) = -56*o**2 - 11*o - 15. Let p(x) = 28*x**2 + 5*x + 7. Let b(g) = 6*d(g) + 13*p(g). Let h be 8/2 + (-33)/11. What is the units digit of b(h)?
8
Suppose 4*c = 7*c -